te?
False
Is 3586469 prime?
True
Is 1338391 a composite number?
False
Is 20095189 composite?
False
Is 55228747 a prime number?
False
Is 42373499 a composite number?
True
Is 496765723 a prime number?
True
Is 1289285 a prime number?
False
Is 5260999 a composite number?
False
Is 3951813 a composite number?
True
Is 43678273 composite?
False
Is 3068889 a composite number?
True
Is 6465181 a prime number?
True
Is 3806129 a prime number?
False
Is 6146669 prime?
False
Is 180383527 a prime number?
False
Is 44485691 prime?
True
Is 25979461 a prime number?
True
Is 43327231 composite?
False
Is 94697373 a composite number?
True
Is 6402527 composite?
False
Is 282019 composite?
False
Is 1370131903 a composite number?
True
Is 34455203 composite?
False
Is 19959311 a composite number?
False
Is 784997 prime?
False
Is 189134017 prime?
False
Is 2705291 a prime number?
True
Is 41605607 composite?
False
Is 6622859 prime?
True
Is 186819781 a composite number?
False
Is 20276853 a composite number?
True
Is 16787 a prime number?
True
Is 72421957 prime?
True
Is 606545 a prime number?
False
Is 32906617 prime?
False
Is 10010653 a prime number?
True
Is 43781159 a prime number?
True
Is 3230299 prime?
True
Is 1102271 prime?
True
Is 1644413 composite?
False
Is 419159929 composite?
True
Is 1977529 prime?
True
Is 2645743 composite?
False
Is 4795157 prime?
True
Is 2242441 prime?
True
Is 181399415 a prime number?
False
Is 10262477 a prime number?
False
Is 135239659 prime?
True
Is 1627321 a composite number?
True
Is 1437082 composite?
True
Is 107559329 a prime number?
True
Is 9324929 a composite number?
False
Is 6093823 a composite number?
True
Is 114812767 composite?
False
Is 406411 composite?
True
Is 17035511 a prime number?
True
Is 1063567511 a prime number?
False
Is 230597 a prime number?
True
Is 299705591 a composite number?
False
Is 9131977 composite?
False
Is 43380193 a prime number?
False
Is 3649559 composite?
False
Is 20358211 a prime number?
False
Is 2575187 a composite number?
False
Is 125706689 prime?
True
Is 73962299 prime?
False
Is 5440794373 composite?
True
Is 59151341 a prime number?
True
Is 33769189 prime?
False
Is 6749437 a composite number?
False
Is 113625893 a prime number?
False
Is 19645547 a composite number?
False
Is 2220913 composite?
False
Is 866431 prime?
True
Is 15176659 a composite number?
False
Is 866291 a prime number?
False
Is 177677 prime?
True
Is 4721 composite?
False
Is 12642719 a prime number?
False
Is 92150705 a composite number?
True
Is 22611443 composite?
True
Is 8212063 a prime number?
True
Is 16784951 a composite number?
True
Is 5697649 a prime number?
False
Is 10212131 composite?
False
Is 162904151 composite?
False
Is 5183111 prime?
False
Is 30801971 composite?
True
Is 145647193 a prime number?
False
Is 207335215 prime?
False
Is 116466127 prime?
False
Is 98955707 composite?
False
Is 9066637 composite?
False
Is 33705551 a composite number?
True
Is 2013409 prime?
True
Is 3945841 a composite number?
False
Is 327713 composite?
True
Is 2951297 a prime number?
True
Is 2856401 a prime number?
False
Is 5093279 prime?
True
Is 50392549 a prime number?
False
Is 49451119 a composite number?
True
Is 843719 prime?
False
Is 2661803 prime?
False
Is 3515845 prime?
False
Is 8641727 a composite number?
True
Is 854257 prime?
True
Is 1587449 a prime number?
True
Is 23973227 a prime number?
False
Is 5157323 a prime number?
True
Is 78294043 composite?
True
Is 33158495 a composite number?
True
Is 836903 prime?
False
Is 504457 prime?
True
Is 31859318 a prime number?
False
Is 2049923 prime?
False
Is 6400865 composite?
True
Is 857586139 a prime number?
False
Is 44749879 a composite number?
False
Is 39747737 composite?
True
Is 73857367 a composite number?
True
Is 672395947 a prime number?
True
Is 61048771 a prime number?
False
Is 36263383 prime?
False
Is 19496573 prime?
True
Is 140482946 a composite number?
True
Is 1534571 prime?
False
Is 3866237 a composite number?
False
Is 230419 a prime number?
False
Is 5252321 a composite number?
True
Is 201879017 prime?
True
Is 4403309 composite?
False
Is 16469779 a prime number?
True
Is 31593377 a composite number?
False
Is 39511994 a prime number?
False
Is 146173331 a prime number?
False
Is 1122614 composite?
True
Is 4603387 a prime number?
False
Is 129477641 a composite number?
True
Is 114421 a composite number?
True
Is 31817099 a prime number?
True
Is 35096947 composite?
False
Is 42897914 composite?
True
Is 9478297 prime?
True
Is 53165891 a prime number?
True
Is 2801111 a prime number?
True
Is 8775073 a prime number?
True
Is 15481801 a composite number?
False
Is 341617 a prime number?
True
Is 285137942 prime?
False
Is 83209 composite?
True
Is 26234347 prime?
False
Is 4903289 composite?
False
Is 25898947 a prime number?
True
Is 185583913 prime?
True
Is 168276149 prime?
False
Is 58479067 prime?
True
Is 475487053 a composite number?
False
Is 10240177 composite?
True
Is 259716851 a composite number?
True
Is 46886639 composite?
False
Is 17010991 composite?
True
Is 46847147 prime?
True
Is 7023547 composite?
True
Is 1584707 composite?
True
Is 3592969 a composite number?
False
Is 7260941 composite?
False
Is 11718809 prime?
True
Is 156337001 a prime number?
True
Is 81517357 prime?
True
Is 248371 a composite number?
False
Is 67619 a prime number?
True
Is 4161811 composite?
False
Is 62531213 a composite number?
False
Is 64220239 a composite number?
True
Is 61449947 a prime number?
False
Is 1347629 composite?
True
Is 79080079 composite?
True
Is 219460522 prime?
False
Is 77817961 prime?
False
Is 13095871 a composite number?
False
Is 409179997 a prime number?
True
Is 4278881 prime?
True
Is 3649949 a prime number?
True
Is 7132207 composite?
True
Is 167957 prime?
False
Is 763523 prime?
True
Is 4528703 prime?
True
Is 6361261 prime?
True
Is 1725758 prime?
False
Is 1082701 prime?
False
Is 2173069 a prime number?
False
Is 60682189 a composite number?
False
Is 865159 a prime number?
True
Is 17092797 composite?
True
Is 15833209 a prime number?
False
Is 574558 composite?
True
Is 1042631 prime?
True
Is 134990143 a prime number?
True
Is 452519 a prime number?
True
Is 6525881 composite?
True
Is 10373413 composite?
False
Is 2601673 prime?
False
Is 53700167 composite?
False
Is 63841279 composite?
False
Is 9297853 a composite number?
False
Is 678019 composite?
True
Is 8932479 prime?
False
Is 67355591 a prime number?
False
Is 20363251 a prime number?
True
Is 48766297 a prime number?
False
Is 5439727 a composite number?
False
Is 156859519 a composite number?
True
Is 34116907 a prime number?
False
Is 4949345 prime?
False
Is 213133589 prime?
True
Is 5686727 a prime number?
False
Is 27429361 a prime number?
True
Is 35409593 prime?
False
Is 76516241 a prime number?
True
Is 2562113 composite?
True
Is 164277871 a composite number?
True
Is 639557249 a prime number?
False
Is 20077751 a composite number?
False
Is 48463197 prime?
False
Is 692065729 a composite number?
False
Is 69174158 a prime number?
False
Is 163106443 prime?
True
Is 1677443 a prime number?
True
Is 3928553 a prime number?
True
Is 260569 a composite number?
False
Is 40546689 a composite number?
True
Is 3206129 composite?
True
Is 44833583 prime?
True
Is 3638777 prime?
True
Is 3440557 composite?
True
Is 1350913 a prime number?
False
Is 19136527 prime?
True
Is 37389611 a composite number?
True
Is 12445009 prime?
True
Is 381931 a composite number?
True
Is 924617 a composite number?
False
Is 153806365 a prime number?
False
Is 34519 composite?
False
Is 7607 prime?
True
Is 6599371 a prime number?
False
Is 11808257 prime?
True
Is 211103 a composite number?
True
Is 155521 a composite number?
False
Is 942629 prime?
False
Is 527386241 composite?
False
Is 1873901 composite?
True
Is 11000729 prime?
False
Is 8337985 a prime number?
False
Is 15972394 prime?
False
Is 45491899 a composite number?
True
Is 2391161 a prime number?
False
Is 22969137 a prime number?
False
Is 28282123 a prime number?
True
Is 3172577 a composite number?
False
Is 4430653 composite?
False
Is 4919245 a composite number?
True
Is 52942907 a prime number?
True
Is 16280783 prime?
False
Is 2399429 prime?
False
Is 17509313 a prime number?
False
Is 18533761 composite?
False
Is 15958693 prime?
False
Is 1147901 a prime number?
False
Is 3198553 prim